69)?
2
Calculate 1 + (-2 - (2 + 8)) + -1 + 21.
9
Evaluate 9 - ((-8 + 14 - -24) + -13).
-8
-1 - -12 - (4 + 0 + 4)
3
What is -2 + 19 + 1 + (-26 - -50) + -29?
13
Calculate -9 + -1 + 6 + 4 + 2 + -11.
-9
(-1 + -13 - (75 + -86)) + -24
-27
-10 - ((-6 - 0) + (29 + -7 - 12))
-14
168 + -161 + 0 + (-1 - -3)
9
What is 7 + 0 + (13 - ((13 - 0) + 19))?
-12
-1 - (37 - (-2 + 9 - -6))
-25
Evaluate (-126 - -147) + (3 - 1 - 10).
13
6 + 1 + -9 + (-6 - 0) - -1
-7
Evaluate 19 + (-44 + 19 - 0).
-6
Evaluate (-213 - -181) + 4 + 23.
-5
What is (297 - 290) + (-3 - 3)?
1
What is the value of (0 - (-2 - -6)) + -5 + 8 + -4?
-5
What is -3 + 21 + (-31 - (45 + -64))?
6
Calculate 3 + -7 - (-1 - -2) - (10 + -36).
21
Calculate (1 - 12) + 0 + 1 - (234 + -272).
28
Evaluate 10 + -3 - (-7 - 17).
31
What is 5 + 21 + -9 - (0 + 27)?
-10
What is the value of (-4 + 0 - -24) + -5?
15
What is -1 + 9 - (631 + -609)?
-14
What is the value of (-30 - 13) + 2 + 11?
-30
Calculate 2 - (9 - 7) - 9 - (1 - -1).
-11
Evaluate (17 - (-33 + 10)) + -26.
14
Evaluate -38 + 14 + -9 + -5 - -13.
-25
2 + 2 - 0 - (16 + -4)
-8
(-4 - 13) + 18 + -29
-28
Evaluate 24 + -20 + -17 - -18.
5
What is the value of (-10 - (-24 - -30)) + 15?
-1
6 + 0 - (3 + (-1 - 3))
7
What is the value of -27 + (47 - 2) + -8?
10
What is (10 - 5 - 2) + 47 + -38?
12
What is -9 + 0 - (-6 - 16)?
13
4 + 8 + (-35 - -24)
1
What is 17 - (-28 + (40 - 20)) - -14?
39
What is 3 - (5 - (-2 + (3 - 6) + 6))?
-1
Calculate (4 - (-12 + -1)) + -17.
0
What is the value of 0 + (-10 - (-3 - 4)) + 2?
-1
(12 + -9 - 4 - 8) + (4 - 13)
-18
Evaluate (0 - (-25 - -6)) + -9.
10
Evaluate 29 + (-11 - 48) - -28.
-2
What is 12 + -7 + -1 + 5?
9
Calculate 5 - (-12 + (11 - 0)) - 2.
4
What is -5 - ((4 - -1) + 1 - (873 - 859))?
3
What is the value of 0 + 4 - (1 - (-40 + 23))?
-14
What is the value of 9 + -6 - (19 + -16) - 11?
-11
What is the value of -10 - (-11 - (5 + -18))?
-12
-11 + (-15 + 30 - (9 - 0)) + -6
-11
Calculate (-4 - (-10 - -14)) + 16 + -1 - 5.
2
What is (-4 - 8) + 4 - 4 - -12?
0
What is (1 - (-5 - (-2 + -4) - 2)) + 9?
11
7 - -1 - (-72 + 82 + (15 - -1))
-18
Evaluate 17 + 11 + 4 + (-10 - 0).
22
What is (1 - 10) + (6 - 2) - -6?
1
What is the value of -5 + (-1 - -1) - (-1751 - -1753)?
-7
What is the value of (0 + -6 - -3) + -3 + -2?
-8
0 + (-11 - -10) - (-4 + 11)
-8
-4 - (-2 - 1 - (63 - 71))
-9
(21 - 31) + -2 + -10
-22
What is the value of -13 + 14 + -5 + -2 + -5 + 4?
-7
What is the value of (901 - 911) + (2 - -36)?
28
What is (39 - (7 + 23)) + -33?
-24
19 + -11 + -3 + 10
15
What is the value of -7 - -1 - (-12 + (1 - -9))?
-4
What is the value of -6 + -4 + -13 + 15?
-8
What is the value of -7 - (-5 + 18) - (-8 + 0 + 2)?
-14
What is (-27 - (18 + -35)) + -3?
-13
What is (29 + 16 - 28) + -24?
-7
Calculate (-2 - -43) + 10 - 27.
24
What is the value of (-4 + 3 + 4 - -10) + -8?
5
2 + (-3 - -3) - (-3 + 7) - -18
16
What is 39 + -32 + -2 - (1 - (1 + 8))?
13
Evaluate 15 + (-37 - 1) - -11.
-12
Evaluate -3 + 3 + 6 - (0 + 22 - 0).
-16
What is -6 + 4 + (-16 + 8 - -19)?
9
What is 99 - 76 - (23 - 5)?
5
What is 17 + -15 + 17 + -31?
-12
What is -45 + 10 + 35 - 11?
-11
What is 0 + -1 + -5 - (7 + -19 + 2)?
4
Evaluate (5 - (27 + -26 + 13)) + -12.
-21
Evaluate 18 + -54 - (5 + -5 + (-4 - -8)).
-40
-10 + (9 - (5 + -11) - 0)
5
What is -7 + 77 + -39 + -10?
21
What is -3 - 1 - (-1008 + 1013)?
-9
What is -24 + 16 - (-9 + -6)?
7
Calculate 3 + -13 - 5 - (-78 - -66).
-3
Calculate -5 - (38 + -42 + (-1 - 0)).
0
Calculate 31 + (-29 - -15 - -9 - -1).
27
(-3 - (7 + 5)) + (-17 - -25)
-7
Evaluate -3 - (0 + 1) - (2 - 8).
2
6 - (-4 + (-35 + 20 - -14))
11
Calculate -15 + (-31 + 18 - -13).
-15
Evaluate -42 + 34 + (-6 - -4 - 1) - -36.
25
What is the value of 16 - (20 - 6 - -3)?
-1
What is -3 + (26 + -12 - 22)?
-11
What is the value of (5 - (-11 - 1 - -10)) + -13?
-6
-4 - -4 - (7 + -5 - -5)
-7
Calculate 2 + ((1 - (4 - 5)) + -6 - 4).
-6
Evaluate 1 - (-3 - -5) - (9 - 16 - -21).
-15
-28 + (-18 - -24 - -15)
-7
What is the value of 32 + (-30 - -4 - 12)?
-6
What is (-52 - -52) + (3 - -3) + -3 - -9?
12
Evaluate 2 - (-4 + 11 - ((1 - -3) + -4)).
-5
What is the value of 6 + (-10 - -5 - 3) - -9?
7
1 - (8 + 9 + -10) - -26 - -3
23
Evaluate 34 - (-3 - (-15 + (11 - 5))).
28
What is -170 + 182 - (-19 + -1)?
32
Evaluate 6 - (8 - (-3 - -2 - 5)).
-8
Calculate (-31 - (-23 - 23)) + -11 + 0 + 1.
5
Calculate (6 - -9) + (0 - -13 - (8 + -1)).
21
(-12 + 6 - -5 - 6) + 4 - -6
3
Evaluate -11 - 0 - (-10 - -10).
-11
Evaluate 0 + 2 + 3 + (333 - 340).
-2
Evaluate 6 + 0 - (-11 - (-3 - (-5 + 11))).
8
What is the value of 17 - 22 - (5 - (6 + -1))?
-5
4 - 29 - -19 - (5 - (0 - 0))
-11
6 + (-1 - (-15 + 7 + 6))
7
Calculate (-41 + 41 - (1 + 3)) + 11.
7
Calculate (7 - 2) + -8 + 0 - (0 + 7).
-10
What is 29 + 2 + (-9 - 0)?
22
Calculate (-137 - -139) + (1 - 2 - 12).
-11
5 + 13 - ((17 - 11) + (-8 - 0))
20
Evaluate 14 - (-20 + (60 - 31)).
5
What is the value of 0 - 17 - (-82 + 67)?
-2
Calculate 4 - (-21 - (11 + -27 - -15)).
24
What is -12 - (3 + 6 + -15 - (-6 + -1))?
-13
What is -44 + 38 - (-5 + (0 - 2))?
1
What is the value of 10 + 8 + 1 + -8 + -6?
5
Evaluate -17 - (-26 + 17 + -9) - -12.
13
What is the value of 11 - 2 - (-5 - 12)?
26
-5 + -1 + -5 + -1 - (-1 + 1)
-12
What is the value of 6 - (-5 + 8 + 8)?
-5
What is 8 + -16 + 48 + -21?
19
What is (7 - 18) + 24 + (-1 - 8)?
4
What is -1 + 8 - (-22 - -14 - (-4 - 3))?
8
What is the value of 7 + 1 + (-13 - -12)?
7
-15 - (-4 - (-15 - -8 - -9))
-9
What is 8 + (-31 + 33 - (1 + 32)) + 8?
-15
Evaluate 1 + -11 + 1 + 208 + -199.
0
Calculate -99 + 100 - (-2 - 2).
5
What is -7 + 24 - (-6 - 1) - 0?
24
What is the value of 1 + (7 - ((6 - 3) + -8)) - -3?
16
Evaluate (-2 - 2) + 40 + (-28 - -7).
15
(7 - (-27 - -19)) + 2
17
What is (19 - (-4 + (6 - -9))) + 0 + -2?
6
Calculate -100 + 100 + (0 - 14) - 2 - -7.
-9
Evaluate -14 - (-6 + (-7 - (5 - 4)) + 6).
-6
What is 13 + 4 - 28 - (2 - 0 - 7)?
-6
What is the value of -510 - -546 - (17 - -2)?
17
What is -14 + (14 - (15 - 4))?
-11
Calculate 1402 + -1420 + 0 + 25.
7
What is the value of -1 + -18 + (23 - 9 - 7)?
-12
Evaluate 0 + 10 - (-21 + 42 + 3).
-14
-35 + 31 + -3 + -13 + 1
-19
Calculate 5 - (0 - -2) - (20 + (-28 - -16)).
-5
(-14 - 2) + (1 - (-11 - (-11 - 8)))
-23
What is the value of -15 - -2 - (-76 - -61)?
2
-2 + -2 + 2 - (-13 + 4)
7
Calculate 3 - ((-2 - -5 - -15) + (34 - 32)).
-17
(-14 - (-4 - 2)) + -8 + -7
-23
What is 3 + (-3 - (11 + -14 - -2))?
1
Evaluate 1 + -12 - (11 + 4 - 6 - 20).
0
Evaluate 1 - -9 - (165 - 129) - -6.
-20
What is the value of 1 - -12 - (8 + -2 + (-1 - 3))?
11
Calculate -1 + 3 + -4 + -31 + -63 + 70.
-26
What is -3 + 0 - (-13 - -17 - -23)?
-30
0 + (-8 - (0 + 10 + -17 + -2))
1
6 + 8 + (3 - ((24 - 5) + 0))
-2
What is -2 + 2 + 0 + -8 + (123 - 114)?
1
-3 - (6 + -2 + (7 - 10) + 3)
-7
Evaluate -35 - ((-41 - -16) + -2).
-8
(-12 - (-3 + -22)) + 6
19
What is -6 + 10 - (-4 + 8)?
0
Evaluate -8 - (1 + -5 + 10 + (-18 - -12)).
-8
-7 + 0 + -1 - (4 - -1)
-13
Calculate -15 - (5 - (-14 - -44)).
10
Calculate -2 + -1 + -4 + 11 + 2 - 1.
5
What is the value of 13 + -5 + 15 + -9?
14
What is 6 + (-19 - -17) + -1 + 1 + 1?
5
What is the value of 0 - 3 - (-79 + 99)?
-23
Evaluate -1 - (-5 + 8 + 6 - -6).
-16
What is -5 + -28 + (-1 - -6) - -6?
-22
What is 9 - (-1 + (-4 + 8 - 7))?
13
-6 + 1 + (540 - 530)
5
Evaluate -13 + -6 + (20 - 10) + -3.
-12
Evaluate 5 - (1 - (-7 + 0)).
-3
What is the value of -15 - ((-2 - 0) + -4)?
-9
Evaluate 0 - 7 - ((17 - 3) + -18).
-3
(3 - 12) + 14 + -4 + -4 + 15
12
What is 10 + (-6 - 24 - -17)?
-3
Calculate -1 - (-5 + 2) - ((4 - 35) + 25).
8
(80 - 22 - 50) + (-5 - 0)
3
Calculate (1736 - 1739) + (-1 + 10 - 0).
6
Calculate 10 + (-3 + 19 + -25 - 2).
-1
-19 + 14 + 16 - (-4 - 5)
20
Calculate -5 + (8 - 4) + -1.
-2
What is the value of -1 + 14 + -15 + (-3 - -7)?
2
Evaluate 1 + -11 + (-155 - -202) + (-17 - -6).
26
Calculate 4 + 6 + -23 + -3 + 2.
-14
Calculate 18 - 15 - (-2 - -16).
-11
Calculate 0 + (-3 + 3 - 7 - -2) + 1.
-4
Evaluate 1 + 7 - (-19 + 28 + 6).
-7
Calculate (24 - (17 - -18)) + -1.
-12
What is -169 + 151 + 1 + 7?
-10
What is (12 - 10 - (0 - 0)) + (-2 - 12)?
-12
Calculate -20 + 1 + (-6 + 12 + -6 - 10).
-29
What is the value of (22 - 38) + (6 - 4 - (0 - 3))?
-11
Calculate 5 + 4 + (5 - 11) + 3.
6
What is 6 - ((-8 - -35) + -9 + -12)?
0
Calculate -1 - -13 - (-42 